er?
False
Is 670129 a composite number?
False
Is 11099 a composite number?
True
Is 3019 a prime number?
True
Is 429203 a composite number?
True
Is 8609 prime?
True
Is 113182 prime?
False
Is 1094 prime?
False
Is 3277217 a composite number?
False
Is 239779 a prime number?
True
Is 174079 composite?
False
Is 144517 composite?
True
Is 5223 a composite number?
True
Is 202369 composite?
True
Is 10937 composite?
False
Is 13751 a prime number?
True
Is 7619 a prime number?
False
Is 16138 composite?
True
Is 35 prime?
False
Is 10037 a prime number?
True
Is 1262 a prime number?
False
Is 7121 composite?
False
Is 24487 prime?
False
Is 679 composite?
True
Is 681779 a composite number?
True
Is 622709 composite?
False
Is 6761 a composite number?
False
Is 31013 a prime number?
True
Is 314513 a prime number?
True
Is 228467 prime?
False
Is 253891 a prime number?
False
Is 11906 composite?
True
Is 716309 prime?
False
Is 4721 composite?
False
Is 455513 composite?
False
Is 383434 a composite number?
True
Is 28117 composite?
True
Is 43445 prime?
False
Is 37353 composite?
True
Is 380645 prime?
False
Is 5928229 prime?
True
Is 5557 prime?
True
Is 35233 composite?
True
Is 6523 composite?
True
Is 6805 a composite number?
True
Is 77113 composite?
True
Is 35221 a prime number?
True
Is 1095277 prime?
False
Is 106565 composite?
True
Is 52657 a prime number?
False
Is 143873 a prime number?
True
Is 623 prime?
False
Is 15767 a composite number?
False
Is 1124951 a composite number?
False
Is 12014 a prime number?
False
Is 6537 a prime number?
False
Is 20131 a composite number?
True
Is 14939 composite?
False
Is 7393 a composite number?
False
Is 3653 prime?
False
Is 593 composite?
False
Is 2762 a prime number?
False
Is 11794 a prime number?
False
Is 131413 a prime number?
True
Is 414013 prime?
True
Is 66029 composite?
False
Is 55591 prime?
False
Is 629339 a prime number?
True
Is 5737 a prime number?
True
Is 14438 a composite number?
True
Is 133919 composite?
False
Is 2314355 prime?
False
Is 427487 prime?
False
Is 3457 a prime number?
True
Is 124951 composite?
False
Is 219 a composite number?
True
Is 559 a prime number?
False
Is 130069 a composite number?
False
Is 10417 composite?
True
Is 1243309 a prime number?
True
Is 225679 a prime number?
False
Is 98573 a composite number?
False
Is 425939 a prime number?
True
Is 280811 composite?
False
Is 337291 a prime number?
True
Is 817877 prime?
True
Is 12143 a prime number?
True
Is 3601 composite?
True
Is 2999 composite?
False
Is 235483 prime?
True
Is 700303 prime?
True
Is 1403 prime?
False
Is 1047031 a prime number?
True
Is 10561 composite?
True
Is 28421 prime?
False
Is 761947 a prime number?
False
Is 511323 composite?
True
Is 2497 composite?
True
Is 352993 prime?
False
Is 710841 a prime number?
False
Is 200227 a composite number?
False
Is 14197 composite?
False
Is 40253 a composite number?
False
Is 19643 a composite number?
True
Is 99493 composite?
True
Is 230999 composite?
False
Is 2984039 prime?
True
Is 170611 composite?
True
Is 1558109 a composite number?
True
Is 353293 composite?
False
Is 792977 a composite number?
True
Is 4373 a composite number?
False
Is 1006217 composite?
False
Is 1784213 a composite number?
False
Is 3365 composite?
True
Is 184313 prime?
False
Is 1661 composite?
True
Is 103613 prime?
True
Is 112831 composite?
False
Is 15073 a composite number?
False
Is 487 composite?
False
Is 4159 a composite number?
False
Is 669 prime?
False
Is 908426 prime?
False
Is 3991 composite?
True
Is 238393 prime?
False
Is 282251 a composite number?
True
Is 449 composite?
False
Is 7291 a composite number?
True
Is 529 a composite number?
True
Is 104837 a composite number?
True
Is 191 a prime number?
True
Is 8321 composite?
True
Is 4139 a prime number?
True
Is 469307 prime?
False
Is 8923 a prime number?
True
Is 58385 a prime number?
False
Is 4811 prime?
False
Is 43961 a prime number?
True
Is 67211 composite?
False
Is 275813 prime?
True
Is 7297 prime?
True
Is 5969 a prime number?
False
Is 263881 a composite number?
False
Is 2707 a composite number?
False
Is 65227 a prime number?
False
Is 34231 prime?
True
Is 37159 a composite number?
False
Is 170615 a composite number?
True
Is 8209 prime?
True
Is 49639 a composite number?
False
Is 2982241 prime?
False
Is 208139 a prime number?
True
Is 16597 a composite number?
True
Is 27139 composite?
True
Is 14253 a prime number?
False
Is 55659 a prime number?
False
Is 3581 prime?
True
Is 221159 a composite number?
False
Is 237085 prime?
False
Is 195659 composite?
False
Is 230501 a composite number?
False
Is 1559869 composite?
True
Is 41857 composite?
True
Is 32569 a composite number?
False
Is 242861 prime?
False
Is 46439 prime?
True
Is 1742893 composite?
False
Is 98939 a prime number?
True
Is 406195 composite?
True
Is 209659 a composite number?
False
Is 13997 a prime number?
True
Is 61951 a prime number?
False
Is 63029 a prime number?
True
Is 149329 a composite number?
True
Is 57163 a prime number?
True
Is 46619 a prime number?
True
Is 106031 a prime number?
True
Is 8479 prime?
False
Is 62179 composite?
True
Is 5471 a composite number?
False
Is 59497 a prime number?
True
Is 148979 a prime number?
False
Is 35507 a prime number?
True
Is 112673 prime?
False
Is 81181 a prime number?
True
Is 3991 a composite number?
True
Is 7027 composite?
False
Is 26171 a prime number?
True
Is 15877 a composite number?
False
Is 15685 prime?
False
Is 7717 prime?
True
Is 6239 prime?
False
Is 546319 a composite number?
True
Is 18173 a composite number?
True
Is 80813 a composite number?
True
Is 372107 a composite number?
False
Is 567941 composite?
True
Is 122347 prime?
True
Is 62534 a composite number?
True
Is 341249 composite?
True
Is 78163 composite?
False
Is 18077 prime?
True
Is 489473 a prime number?
False
Is 375703 a prime number?
True
Is 146203 a composite number?
False
Is 129449 composite?
False
Is 4063 a prime number?
False
Is 3899 a composite number?
True
Is 844253 a composite number?
False
Is 2107601 a composite number?
False
Is 124427 prime?
True
Is 36037 composite?
False
Is 2404613 a prime number?
True
Is 2720183 a composite number?
False
Is 52367 a composite number?
True
Is 13579 prime?
False
Is 193691 a prime number?
False
Is 363217 a composite number?
False
Is 4547 composite?
False
Is 1465 a prime number?
False
Is 566323 a prime number?
True
Is 52177 a prime number?
True
Is 51209 composite?
True
Is 45077 a composite number?
False
Is 5585 a prime number?
False
Is 34217 prime?
True
Is 523207 a prime number?
True
Is 5029 composite?
True
Is 115571 composite?
False
Is 68521 a composite number?
False
Is 21239 a prime number?
False
Is 38833 composite?
False
Is 26409 a composite number?
True
Is 32957 prime?
True
Is 33295 a prime number?
False
Is 93923 composite?
False
Is 13289 composite?
True
Is 7369 prime?
True
Is 178291 a composite number?
True
Is 35273 prime?
False
Is 3151 prime?
False
Is 1061 a prime number?
True
Is 7066 a prime number?
False
Is 36679 prime?
False
Is 4963 composite?
True
Is 110221 a composite number?
False
Is 4442 prime?
False
Is 10079 a composite number?
False
Is 351143 composite?
True
Is 18922 a prime number?
False
Is 100873 a composite number?
True
Is 42949 composite?
True
Is 813347 composite?
True
Is 12349 prime?
False
Is 355109 a composite number?
False
Is 1583 a prime number?
True
Is 1756171 composite?
False
Is 1708909 prime?
True
Is 10007 composite?
False
Is 54139 a prime number?
True
Is 277586 prime?
False
Is 1337 a prime number?
False
Is 1816565 prime?
False
Is 5669 composite?
False
Is 529471 a prime number?
True
Is 19207 composite?
False
Is 63191 a prime number?
False
Is 4871 a composite number?
False
Is 100129 a prime number?
True
Is 2126794 a prime number?
False
Is 14667 composite?
True
Is 7841 composite?
False
Is 24577 prime?
False
Is 22367 a prime number?
True
Is 39 a composite number?
True
Is 8509 composite?
True
Is 1108103 a composite number?
False
Is 14857 composite?
True
Is 2231 a prime number?
False
Is 1465 a composite number?
True
Is 1277 composite?
False
Is 403537 a composite number?
False
Is 21943 prime?
True
Is 262645 a prime number?
False
Is 8621 a prime number?
False
Is 12143 prime?
True
Is 2963 a composite number?
False
Is 4313 prime?
False
Is 7993 a prime number?
True
Is 5737 